
Calculate the highest common divisor of 156436 and 12612124.
4228
What is the highest common divisor of 1512 and 537535656?
1512
What is the highest common divisor of 66298613 and 40909?
3719
What is the greatest common divisor of 671342274 and 34?
34
Calculate the greatest common divisor of 3128 and 521481392.
3128
Calculate the greatest common divisor of 1538046 and 6462.
18
What is the greatest common divisor of 9768 and 35230404?
132
What is the highest common divisor of 181962504 and 9?
9
Calculate the greatest common factor of 500654 and 242396.
154
What is the greatest common divisor of 180839 and 150916?
1301
What is the highest common factor of 53245 and 969985?
2315
Calculate the greatest common factor of 651 and 630199.
31
What is the greatest common divisor of 523170 and 148950?
90
Calculate the greatest common factor of 36629866 and 2210.
442
What is the highest common factor of 408 and 115352?
8
Calculate the greatest common divisor of 230142 and 4290.
66
Calculate the greatest common factor of 32864 and 319384.
104
Calculate the highest common divisor of 7308 and 20200124.
812
What is the highest common divisor of 541921266 and 162?
162
What is the highest common divisor of 88797082 and 2728?
682
Calculate the highest common factor of 80652200 and 200.
200
Calculate the highest common divisor of 2284 and 11003741.
571
Calculate the highest common divisor of 26858576 and 16.
16
Calculate the greatest common factor of 8241542 and 28250.
226
Calculate the greatest common factor of 12410664 and 185752.
1736
Calculate the highest common factor of 4227613 and 26.
13
What is the highest common divisor of 130102216 and 32?
8
Calculate the greatest common factor of 1250736 and 8046288.
3408
What is the highest common factor of 6010 and 279520?
10
Calculate the highest common divisor of 4245 and 20760.
15
What is the highest common divisor of 1073 and 4535645?
37
What is the highest common divisor of 2324245 and 5830?
55
What is the highest common factor of 33824395 and 105?
5
Calculate the greatest common divisor of 6096 and 6040374.
762
What is the highest common divisor of 31695050 and 80?
10
Calculate the greatest common factor of 46112 and 689568.
352
What is the greatest common divisor of 2842 and 3288292?
98
What is the highest common divisor of 129831 and 117?
39
Calculate the highest common factor of 18 and 132092214.
6
Calculate the greatest common divisor of 3482610 and 750.
30
Calculate the highest common factor of 8064 and 5665408.
896
What is the greatest common divisor of 3245 and 18546?
11
What is the greatest common divisor of 151 and 25057997?
151
What is the highest common factor of 40053 and 679716?
237
What is the greatest common factor of 157191354 and 1572?
786
Calculate the highest common factor of 992369 and 91.
7
Calculate the greatest common divisor of 4753795016 and 8.
8
Calculate the greatest common factor of 1736161 and 23443.
1379
Calculate the greatest common divisor of 405 and 11056230.
135
Calculate the highest common divisor of 9898 and 8797706.
202
What is the highest common divisor of 29975 and 82625?
25
What is the highest common factor of 19749 and 1942362?
87
What is the greatest common factor of 15449454 and 108?
54
Calculate the greatest common divisor of 6144 and 61929600.
384
Calculate the greatest common factor of 56 and 4859176.
56
Calculate the greatest common divisor of 49912 and 838228.
1468
What is the highest common factor of 123467 and 4175249?
397
Calculate the highest common factor of 21481516 and 244.
244
Calculate the greatest common divisor of 17648920 and 23560.
1240
What is the greatest common divisor of 161330 and 7395?
85
Calculate the greatest common factor of 481633 and 13.
1
Calculate the highest common factor of 21776 and 146.
2
What is the greatest common divisor of 99161 and 1315188?
5219
What is the greatest common factor of 44 and 21766?
2
Calculate the greatest common divisor of 860054 and 65.
13
Calculate the highest common factor of 8617101 and 124.
31
What is the highest common divisor of 7968887 and 181?
181
What is the highest common factor of 2160 and 21367224?
72
Calculate the greatest common divisor of 16 and 1019128.
8
Calculate the highest common divisor of 702 and 1556901.
27
Calculate the highest common divisor of 2531954 and 386.
2
Calculate the greatest common divisor of 16 and 10263272.
8
Calculate the highest common divisor of 60746 and 178202730.
8678
Calculate the greatest common divisor of 6178627 and 42633.
1579
What is the highest common divisor of 2392 and 11988184?
104
Calculate the greatest common divisor of 464 and 49280164.
116
Calculate the highest common divisor of 1676862 and 2772.
198
Calculate the greatest common divisor of 161020 and 395080.
1660
Calculate the greatest common factor of 103606452 and 120.
12
What is the greatest common factor of 2346 and 53109258?
102
What is the highest common divisor of 299660 and 3532?
4
Calculate the highest common factor of 271255004 and 346.
346
Calculate the greatest common divisor of 5776 and 32288.
16
Calculate the highest common divisor of 6173982 and 5175.
207
Calculate the greatest common factor of 32592768 and 1824.
96
What is the greatest common divisor of 375597040 and 208?
208
Calculate the highest common factor of 84725945 and 93.
31
Calculate the greatest common factor of 30785 and 561415.
235
Calculate the greatest common divisor of 545751 and 26163.
459
What is the greatest common divisor of 7174947 and 832?
13
Calculate the highest common divisor of 295392 and 7756212.
2172
Calculate the highest common divisor of 65054 and 14531.
11
What is the highest common divisor of 284 and 11638036?
284
Calculate the highest common divisor of 120467 and 18079.
179
What is the greatest common divisor of 105 and 2051455?
35
Calculate the greatest common factor of 1273407 and 31779.
321
What is the greatest common factor of 26190 and 98535?
15
Calculate the greatest common factor of 3102456 and 83258.
4382
Calculate the greatest common factor of 930 and 920010.
30
Calculate the greatest common factor of 5782 and 30030174.
118
Calculate the highest common divisor of 65 and 89110.
5
Calculate the greatest common divisor of 163804 and 243536.
124
What is the highest common divisor of 3125454 and 44157?
1077
Calculate the highest common divisor of 1509 and 3555247761.
1509
What is the highest common factor of 136 and 4958101?
17
Calculate the highest common divisor of 485869430 and 10.
10
Calculate the greatest common divisor of 26815448 and 11528.
88
What is the greatest common divisor of 2556533 and 235141?
5003
What is the highest common divisor of 354662 and 66176?
1034
What is the greatest common factor of 10511245 and 45?
5
What is the greatest common factor of 205164 and 692080?
164
Calculate the greatest common divisor of 11246280 and 1140.
60
Calculate the greatest common divisor of 606270 and 8640.
30
What is the greatest common factor of 310622247 and 1238?
619
What is the greatest common factor of 9625 and 529529?
77
What is the greatest common divisor of 179685 and 8283?
33
Calculate the highest common factor of 406 and 5020799.
203
What is the greatest common factor of 26605 and 4718475?
1565
Calculate the greatest common factor of 727055 and 140.
35
Calculate the highest common factor of 194 and 20456136.
194
What is the greatest common factor of 162 and 13366026?
54
What is the greatest common divisor of 26965876 and 357?
119
What is the highest common factor of 1764301 and 41503?
847
Calculate the highest common factor of 12474 and 638946.
1386
What is the greatest common divisor of 38869 and 140577?
47
Calculate the greatest common divisor of 7633501 and 2227.
131
Calculate the highest common divisor of 17 and 1838453049.
17
Calculate the greatest common factor of 5387801 and 269.
269
What is the greatest common factor of 1690686 and 794646?
2358
What is the highest common divisor of 60850104 and 3?
3
Calculate the highest common factor of 1672 and 584914.
22
Calculate the highest common factor of 539324 and 35186.
146
What is the greatest common divisor of 33420713 and 611?
47
What is the greatest common divisor of 20863833 and 21?
3
Calculate the highest common divisor of 701368